 = -13*x + 4*x**2 - 7*x**2 + 2*x**2 + 0*x**2 - 12. List the prime factors of l(h).
2, 3
Let t(x) = 20*x + 748. What are the prime factors of t(0)?
2, 11, 17
Suppose 20 = -0*q + 5*q. Suppose 3*b = -h + 7, b + q*h - 1 = -6. Suppose 2*f = b*f + 5, 0 = -4*n - 4*f + 172. What are the prime factors of n?
2, 3
Suppose 0 = -2*s + 10 + 4. Let i(g) = 3*g - 6*g - g**2 + s*g + 2 + 6*g. List the prime factors of i(9).
11
Let l = 2 + 2. Suppose 2*x - 242 = -2*p, 251 = 5*p - l*x - 381. What are the prime factors of p?
2, 31
Suppose 448 + 281 = 9*b. What are the prime factors of b?
3
Let a(g) = 17*g - 10. Let b be a(9). Suppose b = 4*j + i - 65, -5*i = -j + 73. What are the prime factors of j?
53
Let v be (-28)/(-6)*(-162)/(-21). Suppose 4*h = -4*t - v, -4*h - 18 = 3*t + 14. Let g = t - -65. What are the prime factors of g?
61
Suppose 10*v - 7*v = -30. Let w be (-96)/v + 10/25. Let u = w + -3. List the prime factors of u.
7
Suppose 5*f + 2*w = -94 + 2674, 5*f = w + 2595. What are the prime factors of f?
2, 7, 37
What are the prime factors of 54/18 - (-1599 + 0)?
2, 3, 89
Let h = 5944 - 3832. What are the prime factors of (h/9)/4 + (-11)/(-33)?
59
Let a(r) = 24*r**3 - 7*r**2 + 8*r + 4. What are the prime factors of a(2)?
2, 23
Suppose -u + 68*j + 1490 = 69*j, 3*u + 4*j = 4470. List the prime factors of u.
2, 5, 149
Let t be (-33)/(-33) + 1 + 1*33. Suppose -30*q = -t*q + 1200. List the prime factors of q.
2, 3, 5
Suppose 0 = -9*g + 7*g + 6. Suppose 0 = g*r - 15, -a - 4*r + 280 = 3*a. List the prime factors of a.
5, 13
Let m = -81 + 284. Suppose -2*z + 5*p + 370 = -33, 0 = -z + p + m. What are the prime factors of z?
2, 3, 17
Suppose 74183 = -87*t + 118*t. What are the prime factors of t?
2393
Let a = 2659 - 83. List the prime factors of a.
2, 7, 23
Let q be 51/(-6)*(0 + -2). Let z be (0 - -2)*1*q. List the prime factors of z + -5 - (2 - 0).
3
Suppose -3*o - 25 = -8*o. Suppose -n + 4*p - 8 = 0, -4*n + 0*p = p - 2. Suppose -47 = -4*z + o*t + 254, n = -z - 3*t + 71. List the prime factors of z.
2, 37
Let d = 672 - 266. List the prime factors of d.
2, 7, 29
Let o = -2668 - -1359. Let x = o + 898. What are the prime factors of x/(-12) - 6/(-8)?
5, 7
Let k(a) = 2*a**2 - 4*a + 10. Let g be k(-9). Suppose 2*q + 79 = 2*f - q, -g = -5*f - 3*q. Let l = f + -13. What are the prime factors of l?
2, 7
Let t = 2 - -16. Suppose 0*b + 3*b = t. Suppose -65 = -b*a + a. What are the prime factors of a?
13
Suppose 714 = 3*q + 3*j, 2*q - 140 = 5*j + 364. Suppose -3*i + 2*m = -q, -i - 2*m + 59 = -11. Suppose 0 = -3*o + i. List the prime factors of o.
2, 13
Let s(o) = -o + 12. Let v be s(10). Suppose 4*q - 4*j - 62 = -18, 0 = 3*q + v*j - 13. Let i = 14 - q. List the prime factors of i.
7
Let p = 2051 - 2038. What are the prime factors of p?
13
Let k(o) = o**2 + 14*o - 18. Let x be k(-15). Let s(v) = v**3 - 4*v**2 + v - 4. Let d be s(5). List the prime factors of (x - 7/(-2))*d.
13
Let c(b) = -b**3 - b**2 + 5*b + 3. Let k be c(-3). Let w be (k/(-12))/(1/(-4)). Suppose -w*u - 50 = -4*u. List the prime factors of u.
5
Let w(l) = 111*l**2 - 3*l + 2. Let v be w(1). Suppose v = 2*m - m. What are the prime factors of m?
2, 5, 11
Suppose -4*x + 155 = 3*v - 4*v, -5*x + 193 = -2*v. Suppose -26 = t - 9. Let q = x + t. List the prime factors of q.
2, 11
Let j(c) = 8*c - 2. Let b be j(4). Let g = 0 + b. Suppose 2*k - g - 24 = 0. List the prime factors of k.
3
Let o = -218 - -223. Let v(l) = 3*l - 1 + 5 + 2. What are the prime factors of v(o)?
3, 7
Let c be 42/11 + 4/22. Suppose 0 = -5*x, -4*k - c*x + 40 = -5*x. List the prime factors of k.
2, 5
Let c = -954 - -1375. List the prime factors of c.
421
Suppose 2*h + r = 1, -4*h + 16 = -2*h - 4*r. Suppose -h*f - 8*l + 3*l = -87, -4*l = 12. What are the prime factors of f?
3, 17
Suppose -5 = -m - 2. What are the prime factors of ((-249)/m)/(5/(-5))?
83
Let a = -1288 - -2590. List the prime factors of a.
2, 3, 7, 31
Let q(b) = 11*b - 1. Let r(t) = 4 + t**3 - 11*t + 12*t**2 - 2*t**2 + 3. Let l be r(-11). What are the prime factors of q(l)?
2, 19
Suppose 2*j = -3*a - 2*a + 6415, 2*j = 5*a - 6415. List the prime factors of a.
1283
Suppose -12*y + 16*y - 2272 = 0. What are the prime factors of y?
2, 71
Let p(x) = x - 3. Let s be p(-12). Let y = s + 19. Suppose -y*k = -2*k - 56. What are the prime factors of k?
2, 7
Let h(d) = -142*d - 107. List the prime factors of h(-6).
5, 149
Let m be 7*-8 + (-6)/2. Let r = 17 - m. Suppose 4*v = d + d + 100, 4*d - r = -4*v. What are the prime factors of v?
23
Suppose -3*c + 2*r + 1341 = -781, -5*c = r - 3515. List the prime factors of c.
2, 11
List the prime factors of 3270/50 - (-6)/10.
2, 3, 11
What are the prime factors of (-536)/2*1*-2?
2, 67
Suppose -s + 17*a - 21*a + 4250 = 0, 3*s = 3*a + 12735. What are the prime factors of s?
2, 11, 193
Suppose -3*v = -s + 15, 0 = 2*s - 0*s - 2*v - 14. Let a(g) = 2*g**2 - 18*g - 9. Let k be a(10). Suppose s*u = k + 4. What are the prime factors of u?
5
Let h(f) = f**3 - 14*f**2 + 6*f + 2. Let l be h(11). What are the prime factors of l/(-10)*-1*-2?
59
List the prime factors of 2*5298/6 + 13 + -10.
29, 61
Suppose -760 = -5*k + k. Suppose 4*p = 5*m + k, 2*p - 82 = -6*m + 2*m. List the prime factors of p.
3, 5
Let p(g) = -2*g + 12. Let c be p(8). Let d be ((-20)/15)/(c/66). Let t = d - 5. List the prime factors of t.
17
Suppose 3*k = d - 0*d - 7, -4*k = -12. Suppose -4*r + h = 3*h - 2, -2*r + 13 = -3*h. Suppose 2*n + 0*t - d = 2*t, 0 = -r*t - 10. List the prime factors of n.
3
Suppose 55*o - 47*o - 17152 = 0. List the prime factors of o.
2, 67
Let g(q) = -q**3 + 23*q**2 + 7*q - 113. What are the prime factors of g(11)?
2, 3, 59
Suppose -2*k - 1037 = -m + 232, 0 = -m - 3*k + 1249. List the prime factors of m.
13, 97
Let p be -3 + (-5 - -10) + 2662. What are the prime factors of 3/((-4 - -1) + 8019/p)?
2, 37
Let s = 0 - -5. Suppose 3*l - s*h = 34, -h - 17 = l - 5*l. Suppose 2 = j + 3*x, 45 = l*j - 2*x - 2*x. List the prime factors of j.
11
Let u = 34 + -34. What are the prime factors of 66 - (-1 - u) - 1?
2, 3, 11
Suppose 11*k = 16*k - 40. Suppose 2327 = k*w + 5*w. What are the prime factors of w?
179
Let o(h) = h**2 + 15*h + 28. Let x be 15/2*(-3 - (-7)/(-21)). What are the prime factors of o(x)?
2, 139
Let g(w) = 23*w - 5. Let i(b) = -22*b + 6. Let z be (-3)/15 + (-16)/(-5). Let x(m) = z*i(m) + 4*g(m). List the prime factors of x(1).
2, 3
Let k be 24*(14/6 - 2). Let y(b) = b**3 - 7*b**2 - 5*b + 12. List the prime factors of y(k).
2, 3
Let l(i) = i**3 + 27*i**2 - 25*i - 37. Let h(s) = -s**3 - 27*s**2 + 25*s + 36. Let k(d) = -5*h(d) - 6*l(d). List the prime factors of k(-28).
2, 3, 7
Let o be (-2)/(2 + 0) + 11. What are the prime factors of 174/o - 2/5?
17
Suppose -2*u - 5 = -9. Suppose z + 5*n = u*z - 6, -2*n - 20 = 4*z. List the prime factors of (-6)/z*(-120)/(-9).
2, 5
Suppose -2488 - 4706 = -3*v. List the prime factors of v.
2, 11, 109
Let r(b) = -b**2 - 1. Let l(o) = o + 2. Let a(j) = l(j) - 5*r(j). Let u(f) = 4*f - 17. Let d be u(5). What are the prime factors of a(d)?
5, 11
Let b(t) = -t**3 - 2*t**2 - 5. Let v be b(-4). List the prime factors of (18/24)/(v/48)*78.
2, 13
Let a = 21 - 17. Suppose a*b - 6 = d, -4*b = -2*b - 3*d + 2. List the prime factors of 31*(0 + 3 - b).
31
Let c(f) be the first derivative of -f**2/2 + 8*f - 1. Let l = -40 + 46. List the prime factors of c(l).
2
Suppose -30*a - 44640 = -42*a. What are the prime factors of a?
2, 3, 5, 31
Suppose -7*m + 8*m + 37 = 0. Let k = 156 - m. List the prime factors of k.
193
Suppose 1 = -a, -2*a = -3*n + 5*n - 12. Suppose z + n = 20. What are the prime factors of z?
13
Let q be (-2)/4 - (-18)/(-4). Let f = -5 - q. Suppose 68 + 57 = 5*a - l, 3*l = f. What are the prime factors of a?
5
What are the prime factors of ((-8)/8 - -2)*273?
3, 7, 13
Let t be (0 - (-3 + 2))*(1 - 7). List the prime factors of (-1654)/(-22) + -1*t/(-33).
3, 5
Let c = -620 - -1717. List the prime factors of c.
1097
Let z(j) = 231*j**2 - j + 1. List the prime factors of z(-1).
233
Let x be 3129/15 + (-2)/(-5). Let m(r) = 23*r**2 + 4*r. Let f(a) = -1197*a**2 - 209*a. Let u(n) = x*m(n) + 4*f(n). What are the prime factors of u(-1)?
19
Let h(k) = k**3 + 6*k**2 - k - 2. Let j be h(-6). Suppose j*t - 5*t + 2 = 0. Suppose -2*a - t*n + 3*n = -80, -4*n = -